9. Let b = o + 214. List the prime factors of b.
2
Let o(p) = -p**3 - 4*p**2 + 3*p + 6. Let j be o(-5). Suppose 0 = -10*k + j*k - 12. Suppose -2 = -2*l, d - 4 = -k*l + 30. List the prime factors of d.
2
Let c(x) = 4494*x**3 - 4*x**2 - 21*x + 24. What are the prime factors of c(1)?
4493
Let s = 432 + -427. List the prime factors of ((-2245)/(-35) - s)*28/6.
2, 3, 23
Suppose 7*r - 11*r + 60 = 0. What are the prime factors of -3*((-1135)/r - 0)?
227
Let k(a) = -172*a - 1 + 3 + 9. Let n(d) = -d**3 + 26*d**2 + 55*d + 27. Let q be n(28). List the prime factors of k(q).
3, 61
Suppose -16*c + 166 + 58 = 0. Suppose 2*j + 4*r - 20 = c, -29 = -3*j + 5*r. What are the prime factors of j?
13
Suppose -75*a + 81426 = -74*a. What are the prime factors of a/164*(2/(-1))/(-1)?
3, 331
Let z = 733 - 858. What are the prime factors of ((-154)/(-14))/((-1)/z)?
5, 11
Let n(z) be the first derivative of -z**4/12 - 17*z**3/6 - 5*z**2 - 25*z - 8. Let q(m) be the first derivative of n(m). What are the prime factors of q(-13)?
2, 3, 7
Suppose -4*g = 2*k - 1772, 3*g = -2*k + 7*k + 1316. Let p = g + -8. List the prime factors of p.
2, 7, 31
Let s(h) be the first derivative of -h**3/3 - h**2 + 9*h - 25. Let t be s(0). What are the prime factors of 776/(-12)*t/(-6)?
97
Let m = -55368 + 93473. What are the prime factors of m?
5, 7621
Suppose -8*b + 17825 = -9127. List the prime factors of b.
3, 1123
Let c be (432 + 5)*1 + 2. Suppose c*w = 441*w - 80. What are the prime factors of w?
2, 5
Suppose -3*y - 5*d = -241329, -5*d - 129758 - 111661 = -3*y. List the prime factors of y.
2, 7, 821
Let x(p) = 5*p - 96. Let v be x(19). List the prime factors of (-6 + 5 - -302) + v.
2, 3, 5
List the prime factors of ((-210)/45)/((-14)/59094).
2, 3, 7, 67
Let r = -1927 + 11910. List the prime factors of r.
67, 149
Let q(y) = -y**2 + 5*y - 2. Let z be 14*((-36)/8 + 4). Let c be q(z). Let g = 165 + c. List the prime factors of g.
79
Suppose -y + 19 = -3*f - 2, 3*f - 15 = -y. Suppose -21*t + 12 = -y*t. Suppose -t*b + 3*i = -0*b - 114, 0 = 2*b - 2*i - 58. What are the prime factors of b?
3
Suppose 3*l + 2*k = 338, 2*l - 349 = 4*k - 129. Let o = 40 - -27. Let m = l - o. List the prime factors of m.
3, 5
Let x = -9330 - -21942. List the prime factors of x.
2, 3, 1051
Let o = 732 + -420. Let q = o + 315. What are the prime factors of q?
3, 11, 19
Suppose -47*l = -42*l - 535. Let k be (-1 + 0)*(0 - l). Let n = k - -129. What are the prime factors of n?
2, 59
Suppose -5*p + 26777 = -m, 1722 - 7075 = -p + m. What are the prime factors of p?
2, 13, 103
Let r(l) = -l**2 + 28. Let z be r(5). Suppose g + 2*g + 5*n - 34 = 0, -z*n = g - 18. Let s = 112 + g. List the prime factors of s.
5, 23
Let t = -57 - -45. Let p be 2/(-8) - (-45)/t. What are the prime factors of (2/p)/(566/(-188) - -3)?
47
Let b be (-140)/(-60) - 259/3. What are the prime factors of (-1 + b)/((-6)/54)?
3, 5, 17
Let r(f) = -f + 36. Suppose 5*b = -y - 46, -4*b - 2*y - 38 = -0*b. List the prime factors of r(b).
3, 5
Suppose -3*r = -68 - 562. Suppose -r = -l - i, 451 - 43 = 2*l - 2*i. Let z = l - 66. List the prime factors of z.
3, 47
Let x(b) be the second derivative of -9*b**4/4 - b**3/3 - 2*b. Let n be x(-2). List the prime factors of -1 - (n - 0 - (-3 - 0)).
2, 5
Suppose 4*l + 3*r - 170 = 0, -4*l + 7*l + r = 130. Let z(w) = l - 38*w + 2*w**2 + 45*w - 3. List the prime factors of z(-12).
5, 7
Let t(m) = 2*m**2 - 4*m + 2. Let l be t(1). Suppose 3*s + 12 = 0, l = j - 3*j - 3*s + 5308. Suppose 5*x + 9*x = j. What are the prime factors of x?
2, 5, 19
Suppose 2*u = 3*h - 0*h + 1850, -5*u + 2*h + 4614 = 0. Suppose -a = -y - u, 792 = a - 3*y - 132. List the prime factors of a.
3, 307
Let h be 0 + 8 + -7 + -6670. List the prime factors of -1 - (h/8 - 3/8).
7, 17
Let c(n) = n - 8. Let s be c(8). Let a be (-4)/(-6)*(3 - s). Suppose 0 = o - 4*o + a*f + 5, 3*o = -2*f + 25. What are the prime factors of o?
5
Let a(q) = -q - 30. Let f be a(-10). Let u be (-2 + 836/f)*(1 - 6). Let t = u + -141. What are the prime factors of t?
2, 3, 13
Let z(b) = -b**3 + 20*b**2 - 19*b. Let j be z(19). Suppose -13*t + 3*t + 3920 = j. List the prime factors of t.
2, 7
Let j = -8 - -6. Let v be 600/(-36)*9/(-2). List the prime factors of (j - v/(-40)) + (-3291)/(-24).
137
Let q be 138/(-483) - (-1)/((-7)/(-184)). Let x = q - -38. List the prime factors of x.
2
What are the prime factors of ((-1024)/(-64))/(2/(-1)) - -8617?
8609
Let q(o) = 59*o + 156. Suppose 0 = 2*s + 408 - 426. What are the prime factors of q(s)?
3, 229
Suppose 2*w + 30 = 54. Suppose -9*c - w = 132. What are the prime factors of 123*c/(-36)*3?
2, 41
Let v = 30348 - 20097. What are the prime factors of v?
3, 17, 67
Let j(h) be the second derivative of h**4/12 + 19*h**3/6 + 9*h**2/2 + 5*h. Let g be j(-19). List the prime factors of (-744)/(-9) - ((-12)/g)/(-2).
2, 41
Suppose -2*v + 12052 = -4*x, 0 = -4*v - x + 17139 + 6947. List the prime factors of v.
2, 3011
Let n be 12/8 + -1 - 15/(-10). Suppose 0 = 5*w + v - n*v - 1166, 4*w - 956 = -5*v. What are the prime factors of w?
2, 3, 13
Suppose 3*k = 3 - 18, 0 = -b + 5*k + 8278. List the prime factors of 6/(-2)*b/(-27).
7, 131
Let b = 166 - 53. Suppose 31*m - 106 = 49. Suppose 0 = -m*p + b + 227. What are the prime factors of p?
2, 17
Suppose 3*p - 5*p = a - 19396, -58254 = -3*a + 5*p. List the prime factors of a.
2, 1213
Let m(a) = -1828*a**3 - 3*a**2 - 3*a - 31. What are the prime factors of m(-3)?
49307
Suppose 3*p = -n + 17 + 1, 0 = -2*n + 4*p - 14. Suppose 6*g - 2133 = n*g. What are the prime factors of g?
3, 79
Let s = 594 - -350. What are the prime factors of s?
2, 59
Let p be 238/8 - 13/(-52). List the prime factors of p/(-4)*(-156 + -2).
3, 5, 79
Suppose -4*c - 4*d = -61248, -58*d = -59*d + 4. List the prime factors of c.
2, 43, 89
Let w = 33 + 25. Suppose -17*h = -18*h + w. Let p = 124 - h. List the prime factors of p.
2, 3, 11
Let z(u) = -6265*u**3 + 3*u**2 + 9*u + 6. List the prime factors of z(-1).
5, 7, 179
Suppose 2*u + 2*b = -12, -8*b = -u - 11*b - 12. Let j(h) = 135*h**2 + 8*h + 16. List the prime factors of j(u).
17, 71
Let u = -46047 - -65687. What are the prime factors of u?
2, 5, 491
Suppose 3*j = -152*t + 153*t - 19495, 4*t = -2*j + 77882. What are the prime factors of t?
2, 7, 13, 107
Let j(t) = t**3 + 7*t**2 + 6*t - 8. Let g be j(-5). Let s be -1 - (-16)/(-6) - 4/g. What are the prime factors of (103/4)/((-1)/s - 0)?
103
Let p(v) = 14*v - 68. Let z be p(5). List the prime factors of z/(-2 + 732*(-2)/(-730)).
5, 73
Let x = 2398 + -3364. Let h = -686 - x. Suppose -5*d = -10*d + 5*u + h, 3*u + 222 = 4*d. List the prime factors of d.
2, 3
Suppose 30 = -4*k + 454. Let i = k - 28. List the prime factors of i.
2, 3, 13
Suppose -5 = z - 7. Suppose -3*l = -z*l - 176. Suppose -l = 3*m - 701. List the prime factors of m.
5, 7
Let q(f) = 226*f - 1. Let k be q(-2). Let g = k + 313. List the prime factors of (-3)/(-3 - g/48).
2, 3
Let g(u) = 2*u**3 - 133*u**2 - 201*u - 65. What are the prime factors of g(70)?
5, 37, 109
Let f(l) = -117*l**3 + 5*l**2 + 67*l + 332. What are the prime factors of f(-5)?
14747
Let r(s) = s - 9. Let d be r(9). Let m be (d + -1)/((-2)/46). Suppose 2*t - t - 4*h = 44, 2*t + 5*h = m. List the prime factors of t.
2, 3
Let s(a) = -a**3 - a - 12. Let g be s(0). Let u = g - -14. Suppose 0 = -u*p + 5*l - 3*l + 132, -104 = -2*p - 5*l. What are the prime factors of p?
2, 31
Suppose 0 = -4*n + 2*g + 20, -23*g = -20*g. Suppose -10*q + 1042 = -n*q + o, 408 = 2*q - 4*o. List the prime factors of q.
2, 13
Let p(s) = 10*s + 33 - 32*s + 18*s. Let g be p(7). Let t(c) = -2*c**3 + 10*c**2 + 2*c - 7. What are the prime factors of t(g)?
3
Suppose 3*v = 8*v + 45. List the prime factors of v/15 - 0 - 138924/(-90).
1543
Let o = -13 - -17. Suppose -3*y + 3*s + 650 + 409 = 0, -5*y - o*s = -1747. List the prime factors of y.
3, 13
Let y(t) = t**3 + 4*t**2 - 13. Let d be y(-3). Let s be 6/(-4)*d/6*195. Let j = -73 + s. List the prime factors of j.
2, 61
Suppose -42 - 551 = -u. Let g = u - 325. List the prime factors of g.
2, 67
Suppose -36*b - 13*b - 26*b + 4718175 = 0. What are the prime factors of b?
7, 11, 19, 43
Let z(k) = -5*k**3 + 13*k**2 - 11*k + 5 - 5*k**2 + 7*k**2 + 4*k**3. Let t = -23 - -37. What are the prime factors of z(t)?
47
Let f